?
True
Is 251839 prime?
False
Is 17846 prime?
False
Is 8083 a prime number?
False
Is 741505 prime?
False
Is 6733 prime?
True
Is 4701 a composite number?
True
Is 3073 a composite number?
True
Is 107419 a prime number?
False
Is 3811 composite?
True
Is 29245 a prime number?
False
Is 7307 composite?
False
Is 35885 a prime number?
False
Is 1777 a composite number?
False
Is 544819 composite?
True
Is 89174 composite?
True
Is 1569527 prime?
False
Is 12323 composite?
False
Is 19715 composite?
True
Is 21011 a prime number?
True
Is 10301 composite?
False
Is 19111 a composite number?
True
Is 1787207 prime?
False
Is 71849 composite?
False
Is 66601 composite?
False
Is 6791 prime?
True
Is 569417 a composite number?
False
Is 117283 a prime number?
False
Is 212723 a prime number?
False
Is 1649 a composite number?
True
Is 37243 a prime number?
True
Is 1803561 composite?
True
Is 316003 prime?
True
Is 255313 a prime number?
True
Is 82361 prime?
True
Is 100585 a composite number?
True
Is 186209 a prime number?
False
Is 24483 a composite number?
True
Is 37495 composite?
True
Is 189731 prime?
False
Is 6469 prime?
True
Is 21823 a composite number?
True
Is 35589 a prime number?
False
Is 12335 prime?
False
Is 27499 composite?
True
Is 1394231 prime?
False
Is 5331 a prime number?
False
Is 1849877 a composite number?
False
Is 60341 prime?
False
Is 3761 prime?
True
Is 9917 a prime number?
False
Is 49415 prime?
False
Is 12451 composite?
False
Is 22961 a composite number?
False
Is 23393 a composite number?
True
Is 12301 composite?
False
Is 27883 a prime number?
True
Is 11735 composite?
True
Is 114567 a prime number?
False
Is 12185 a prime number?
False
Is 134374 prime?
False
Is 660851 a prime number?
True
Is 162007 a composite number?
False
Is 3005 a composite number?
True
Is 37279 a composite number?
True
Is 1352527 prime?
False
Is 166633 prime?
False
Is 334735 composite?
True
Is 79757 a composite number?
False
Is 33961 a composite number?
False
Is 1353629 a composite number?
False
Is 933389 a composite number?
False
Is 134479 a prime number?
False
Is 149993 a prime number?
True
Is 73709 composite?
False
Is 524461 a composite number?
True
Is 18295 a composite number?
True
Is 12713 composite?
False
Is 1804507 a composite number?
False
Is 259397 composite?
False
Is 16463 prime?
False
Is 319138 a composite number?
True
Is 523297 prime?
True
Is 440087 a prime number?
True
Is 701951 a composite number?
False
Is 485449 composite?
True
Is 257 a composite number?
False
Is 72166 a prime number?
False
Is 34201 a prime number?
False
Is 20279 prime?
False
Is 37951 prime?
True
Is 32467 a prime number?
True
Is 993313 composite?
True
Is 757081 a composite number?
True
Is 157243 a prime number?
True
Is 53231 a composite number?
False
Is 12479 a composite number?
False
Is 4661 a composite number?
True
Is 6823 prime?
True
Is 57527 composite?
False
Is 37659 composite?
True
Is 7451 composite?
False
Is 2816501 composite?
False
Is 453 composite?
True
Is 247939 a prime number?
True
Is 35761 composite?
True
Is 7411 composite?
False
Is 469397 prime?
True
Is 224351 composite?
False
Is 210187 prime?
True
Is 7753 prime?
True
Is 118 prime?
False
Is 1711901 a prime number?
True
Is 47053 a prime number?
False
Is 1991861 a composite number?
False
Is 242309 a prime number?
True
Is 7283 a composite number?
False
Is 315509 composite?
True
Is 56697 prime?
False
Is 21467 a composite number?
False
Is 287 prime?
False
Is 15863 prime?
False
Is 45829 a composite number?
True
Is 23809 a composite number?
True
Is 1818977 a prime number?
True
Is 174311 a composite number?
False
Is 9199 a composite number?
False
Is 104567 composite?
True
Is 11731 composite?
False
Is 993259 a composite number?
True
Is 2991 a composite number?
True
Is 2590979 composite?
False
Is 260519 a composite number?
True
Is 50287 composite?
False
Is 97705 prime?
False
Is 11863 a composite number?
False
Is 42533 composite?
False
Is 661939 a prime number?
True
Is 2095927 a prime number?
True
Is 765707 composite?
False
Is 78902 composite?
True
Is 63751 composite?
True
Is 2279 a prime number?
False
Is 1439 composite?
False
Is 54271 prime?
False
Is 159241 prime?
False
Is 60985 a composite number?
True
Is 8042 composite?
True
Is 10181 a composite number?
False
Is 59399 a composite number?
False
Is 160117 prime?
True
Is 5998 prime?
False
Is 32579 prime?
True
Is 57763 a composite number?
True
Is 124789 prime?
False
Is 14777 a prime number?
False
Is 1813535 composite?
True
Is 460051 a composite number?
False
Is 180731 a prime number?
True
Is 1585 a composite number?
True
Is 60805 a composite number?
True
Is 1608883 a composite number?
False
Is 35381 a prime number?
True
Is 1440301 prime?
True
Is 201757 a composite number?
False
Is 712831 prime?
False
Is 55291 prime?
True
Is 622397 a prime number?
True
Is 395849 composite?
False
Is 46603 composite?
True
Is 3433 composite?
False
Is 20122 prime?
False
Is 15131 prime?
True
Is 378145 a prime number?
False
Is 956633 a prime number?
True
Is 1817 a composite number?
True
Is 2579 a prime number?
True
Is 403 composite?
True
Is 781877 composite?
True
Is 6353 a composite number?
False
Is 562091 a composite number?
False
Is 6426473 a composite number?
False
Is 2353 composite?
True
Is 9871 prime?
True
Is 107507 prime?
True
Is 40955 prime?
False
Is 4637 a composite number?
False
Is 48641 prime?
False
Is 112877 a composite number?
False
Is 14903 composite?
True
Is 271729 prime?
True
Is 57611 composite?
True
Is 99121 composite?
True
Is 2767 composite?
False
Is 264871 a composite number?
False
Is 10399 a prime number?
True
Is 37679 composite?
True
Is 183871 a composite number?
False
Is 487 a composite number?
False
Is 32845 a composite number?
True
Is 1765 a prime number?
False
Is 3761 prime?
True
Is 489295 a composite number?
True
Is 6121 composite?
False
Is 127909 composite?
True
Is 27179 a prime number?
True
Is 84691 a prime number?
True
Is 13649 a prime number?
True
Is 540861 composite?
True
Is 4861 prime?
True
Is 925487 prime?
True
Is 39499 composite?
False
Is 131951 a prime number?
False
Is 563 a composite number?
False
Is 4533 composite?
True
Is 2951893 prime?
False
Is 2987 composite?
True
Is 15629 prime?
True
Is 43853 a composite number?
False
Is 3251 a prime number?
True
Is 3777 prime?
False
Is 15757 a composite number?
True
Is 57745 a composite number?
True
Is 10529 a composite number?
False
Is 49093 a prime number?
False
Is 63241 a prime number?
True
Is 866279 prime?
True
Is 5422403 a composite number?
True
Is 7787 a composite number?
True
Is 257783 a prime number?
True
Is 304301 a composite number?
False
Is 462687 a prime number?
False
Is 43685 a prime number?
False
Is 727561 a prime number?
True
Is 2411 a composite number?
False
Is 219971 a prime number?
True
Is 2813 prime?
False
Is 19451 composite?
True
Is 19523 a prime number?
False
Is 76546 prime?
False
Is 43669 a prime number?
True
Is 280946 a prime number?
False
Is 331141 composite?
False
Is 69821 prime?
True
Is 443627 composite?
True
Is 513307 composite?
False
Is 70673 a composite number?
True
Is 297097 prime?
True
Is 364247 a composite number?
True
Is 93374 a composite number?
True
Is 233173 a composite number?
False
Is 386845 a prime number?
False
Is 303053 a composite number?
False
Is 5381 composite?
False
Is 46901 a composite number?
False
Is 18617 a composite number?
False
Is 4781 prime?
False
Is 4847 a composite number?
True
Is 8999 prime?
True
Is 18303 prime?
False
Is 1561 a composite number?
True
Is 11969 composite?
False
Is 43117 a prime number?
True
Is 270967 a prime number?
True
Is 2392249 composite?
False
Is 240257 prime?
True
Is 108223 composite?
False
Is 6589 a prime number?
False
Is 168781 prime?
True
Is 27581 prime?
True
Is 298559 a composite number?
False
Is 6866 a prime number?
False
Is 79711 a prime number?
False
Is 166407 composite?
True
Is 14757 composite?
True
Is 69791 prime?
False
Is 49229 a prime number?
False
Is 953 prime?
True
Is 207749 prime?
False
Is 34954 prime?
False
Is 26153 a composite number?
False
Is 27791 composite?
False
Is 36061 a composite number?
False
Is 9943 a prime number?
False
Is 5815 a composite number?
True
Is 499 a composite number?
False
Is 371057 composite?
False
Is 40423 composite?
False
Is 13291 a co